CRAN Package Check Results for Package copulareg

Last updated on 2022-04-08 01:48:42 CEST.

Flavor Version Tinstall Tcheck Ttotal Status Flags
r-devel-linux-x86_64-debian-clang 0.1.0 2.55 34.89 37.44 NOTE
r-devel-linux-x86_64-debian-gcc 0.1.0 1.96 27.18 29.14 NOTE
r-devel-linux-x86_64-fedora-clang 0.1.0 45.90 NOTE
r-devel-linux-x86_64-fedora-gcc 0.1.0 37.90 NOTE
r-devel-windows-x86_64-new-UL 0.1.0 16.00 50.00 66.00 NOTE
r-patched-linux-x86_64 0.1.0 2.19 34.14 36.33 NOTE
r-release-linux-x86_64 0.1.0 1.84 33.38 35.22 NOTE
r-release-macos-arm64 0.1.0 NOTE
r-release-macos-x86_64 0.1.0 NOTE
r-release-windows-ix86+x86_64 0.1.0 5.00 42.00 47.00 NOTE
r-oldrel-macos-x86_64 0.1.0 OK
r-oldrel-windows-ix86+x86_64 0.1.0 5.00 40.00 45.00 OK

Check Details

Version: 0.1.0
Check: LazyData
Result: NOTE
     'LazyData' is specified without a 'data' directory
Flavors: r-devel-linux-x86_64-debian-clang, r-devel-linux-x86_64-debian-gcc, r-devel-linux-x86_64-fedora-clang, r-devel-linux-x86_64-fedora-gcc, r-devel-windows-x86_64-new-UL, r-patched-linux-x86_64, r-release-linux-x86_64, r-release-macos-arm64, r-release-macos-x86_64, r-release-windows-ix86+x86_64