CRAN Package Check Results for Package conquer

Last updated on 2022-04-08 01:48:42 CEST.

Flavor Version Tinstall Tcheck Ttotal Status Flags
r-devel-linux-x86_64-debian-clang 1.3.0 212.05 91.38 303.43 OK
r-devel-linux-x86_64-debian-gcc 1.3.0 162.76 70.25 233.01 OK
r-devel-linux-x86_64-fedora-clang 1.3.0 447.49 NOTE
r-devel-linux-x86_64-fedora-gcc 1.3.0 397.91 OK
r-devel-windows-x86_64-new-UL 1.3.0 167.00 134.00 301.00 OK
r-patched-linux-x86_64 1.3.0 167.27 92.31 259.58 OK
r-release-linux-x86_64 1.3.0 171.44 88.04 259.48 OK
r-release-macos-arm64 1.3.0 NOTE
r-release-macos-x86_64 1.3.0 NOTE
r-release-windows-ix86+x86_64 1.3.0 441.00 147.00 588.00 NOTE
r-oldrel-macos-x86_64 1.3.0 NOTE
r-oldrel-windows-ix86+x86_64 1.3.0 442.00 143.00 585.00 NOTE

Check Details

Version: 1.3.0
Check: installed package size
Result: NOTE
     installed size is 12.1Mb
     sub-directories of 1Mb or more:
     libs 11.8Mb
Flavors: r-devel-linux-x86_64-fedora-clang, r-release-macos-arm64, r-release-macos-x86_64, r-release-windows-ix86+x86_64, r-oldrel-macos-x86_64, r-oldrel-windows-ix86+x86_64