Last updated on 2022-04-08 01:48:42 CEST.
Flavor | Version | Tinstall | Tcheck | Ttotal | Status | Flags |
---|---|---|---|---|---|---|
r-devel-linux-x86_64-debian-clang | 0.1.1 | 5.34 | 54.96 | 60.30 | OK | |
r-devel-linux-x86_64-debian-gcc | 0.1.1 | 4.06 | 42.27 | 46.33 | OK | |
r-devel-linux-x86_64-fedora-clang | 0.1.1 | 72.74 | NOTE | |||
r-devel-linux-x86_64-fedora-gcc | 0.1.1 | 66.23 | NOTE | |||
r-devel-windows-x86_64-new-UL | 0.1.1 | 97.00 | 79.00 | 176.00 | OK | |
r-patched-linux-x86_64 | 0.1.1 | 4.61 | 53.02 | 57.63 | OK | |
r-release-linux-x86_64 | 0.1.1 | 4.03 | 52.03 | 56.06 | OK | |
r-release-macos-arm64 | 0.1.1 | NOTE | ||||
r-release-macos-x86_64 | 0.1.1 | NOTE | ||||
r-release-windows-ix86+x86_64 | 0.1.1 | 11.00 | 67.00 | 78.00 | OK | |
r-oldrel-macos-x86_64 | 0.1.1 | NOTE | ||||
r-oldrel-windows-ix86+x86_64 | 0.1.1 | 11.00 | 65.00 | 76.00 | OK |
Version: 0.1.1
Check: dependencies in R code
Result: NOTE
Namespaces in Imports field not imported from:
‘R6’ ‘httr’ ‘jsonlite’
All declared Imports should be used.
Flavors: r-devel-linux-x86_64-fedora-clang, r-devel-linux-x86_64-fedora-gcc, r-release-macos-arm64, r-release-macos-x86_64, r-oldrel-macos-x86_64