Last updated on 2022-04-08 01:48:42 CEST.
Flavor | Version | Tinstall | Tcheck | Ttotal | Status | Flags |
---|---|---|---|---|---|---|
r-devel-linux-x86_64-debian-clang | 0.3.1 | 2.23 | 35.43 | 37.66 | OK | |
r-devel-linux-x86_64-debian-gcc | 0.3.1 | 1.63 | 27.13 | 28.76 | OK | |
r-devel-linux-x86_64-fedora-clang | 0.3.1 | 44.91 | OK | |||
r-devel-linux-x86_64-fedora-gcc | 0.3.1 | 35.54 | OK | |||
r-devel-windows-x86_64-new-UL | 0.3.1 | 15.00 | 62.00 | 77.00 | OK | |
r-patched-linux-x86_64 | 0.3.1 | 1.56 | 33.74 | 35.30 | OK | |
r-release-linux-x86_64 | 0.3.1 | 1.85 | 32.89 | 34.74 | OK | |
r-release-macos-arm64 | 0.3.1 | OK | ||||
r-release-macos-x86_64 | 0.3.1 | OK | ||||
r-release-windows-ix86+x86_64 | 0.3.1 | 5.00 | 41.00 | 46.00 | WARN | |
r-oldrel-macos-x86_64 | 0.3.1 | OK | ||||
r-oldrel-windows-ix86+x86_64 | 0.3.1 | 5.00 | 43.00 | 48.00 | WARN |
Version: 0.3.1
Check: re-building of vignette outputs
Result: WARN
Error(s) in re-building vignettes:
--- re-building 'introduction.Rmd' using rmarkdown
Error: processing vignette 'introduction.Rmd' failed with diagnostics:
only `math_method = 'mathjax'` is supported with earlier version than Pandoc 2.0
--- failed re-building 'introduction.Rmd'
SUMMARY: processing the following file failed:
'introduction.Rmd'
Error: Vignette re-building failed.
Execution halted
Flavors: r-release-windows-ix86+x86_64, r-oldrel-windows-ix86+x86_64