Last updated on 2022-04-08 01:48:42 CEST.
Flavor | Version | Tinstall | Tcheck | Ttotal | Status | Flags |
---|---|---|---|---|---|---|
r-devel-linux-x86_64-debian-clang | 2.7.7 | 16.79 | 182.82 | 199.61 | NOTE | |
r-devel-linux-x86_64-debian-gcc | 2.7.7 | 13.45 | 131.34 | 144.79 | NOTE | |
r-devel-linux-x86_64-fedora-clang | 2.7.7 | 241.92 | NOTE | |||
r-devel-linux-x86_64-fedora-gcc | 2.7.7 | 234.42 | NOTE | |||
r-devel-windows-x86_64-new-UL | 2.7.7 | 31.00 | 187.00 | 218.00 | NOTE | |
r-patched-linux-x86_64 | 2.7.7 | 14.19 | 169.32 | 183.51 | NOTE | |
r-release-linux-x86_64 | 2.7.7 | 15.70 | 161.33 | 177.03 | NOTE | |
r-release-macos-arm64 | 2.7.7 | NOTE | ||||
r-release-macos-x86_64 | 2.7.7 | NOTE | ||||
r-release-windows-ix86+x86_64 | 2.7.7 | 28.00 | 187.00 | 215.00 | NOTE | |
r-oldrel-macos-x86_64 | 2.7.7 | OK | ||||
r-oldrel-windows-ix86+x86_64 | 2.7.7 | 37.00 | 186.00 | 223.00 | OK |
Version: 2.7.7
Check: LazyData
Result: NOTE
'LazyData' is specified without a 'data' directory
Flavors: r-devel-linux-x86_64-debian-clang, r-devel-linux-x86_64-debian-gcc, r-devel-linux-x86_64-fedora-clang, r-devel-linux-x86_64-fedora-gcc, r-devel-windows-x86_64-new-UL, r-patched-linux-x86_64, r-release-linux-x86_64, r-release-macos-arm64, r-release-macos-x86_64, r-release-windows-ix86+x86_64
Version: 2.7.7
Check: Rd cross-references
Result: NOTE
Undeclared package ‘rlang’ in Rd xrefs
Flavor: r-devel-linux-x86_64-fedora-clang