CRAN Package Check Results for Package colorfindr

Last updated on 2022-04-08 01:48:42 CEST.

Flavor Version Tinstall Tcheck Ttotal Status Flags
r-devel-linux-x86_64-debian-clang 0.1.4 9.51 91.05 100.56 NOTE
r-devel-linux-x86_64-debian-gcc 0.1.4 7.18 69.42 76.60 NOTE
r-devel-linux-x86_64-fedora-clang 0.1.4 119.34 NOTE
r-devel-linux-x86_64-fedora-gcc 0.1.4 111.50 NOTE
r-devel-windows-x86_64-new-UL 0.1.4 25.00 106.00 131.00 NOTE
r-patched-linux-x86_64 0.1.4 10.13 84.49 94.62 NOTE
r-release-linux-x86_64 0.1.4 5.05 81.13 86.18 NOTE
r-release-macos-arm64 0.1.4 NOTE
r-release-macos-x86_64 0.1.4 NOTE
r-release-windows-ix86+x86_64 0.1.4 22.00 100.00 122.00 NOTE
r-oldrel-macos-x86_64 0.1.4 OK
r-oldrel-windows-ix86+x86_64 0.1.4 21.00 101.00 122.00 OK

Check Details

Version: 0.1.4
Check: LazyData
Result: NOTE
     'LazyData' is specified without a 'data' directory
Flavors: r-devel-linux-x86_64-debian-clang, r-devel-linux-x86_64-debian-gcc, r-devel-linux-x86_64-fedora-clang, r-devel-linux-x86_64-fedora-gcc, r-devel-windows-x86_64-new-UL, r-patched-linux-x86_64, r-release-linux-x86_64, r-release-macos-arm64, r-release-macos-x86_64, r-release-windows-ix86+x86_64