Last updated on 2022-04-08 01:48:42 CEST.
Flavor | Version | Tinstall | Tcheck | Ttotal | Status | Flags |
---|---|---|---|---|---|---|
r-devel-linux-x86_64-debian-clang | 2.0-3 | 12.97 | 89.89 | 102.86 | OK | |
r-devel-linux-x86_64-debian-gcc | 2.0-3 | 12.80 | 67.80 | 80.60 | OK | |
r-devel-linux-x86_64-fedora-clang | 2.0-3 | 127.49 | OK | |||
r-devel-linux-x86_64-fedora-gcc | 2.0-3 | 120.68 | OK | |||
r-devel-windows-x86_64-new-UL | 2.0-3 | 65.00 | 108.00 | 173.00 | OK | |
r-patched-linux-x86_64 | 2.0-3 | 16.13 | 87.65 | 103.78 | OK | |
r-release-linux-x86_64 | 2.0-3 | 12.93 | 86.35 | 99.28 | OK | |
r-release-macos-arm64 | 2.0-3 | OK | ||||
r-release-macos-x86_64 | 2.0-3 | WARN | ||||
r-release-windows-ix86+x86_64 | 2.0-3 | 44.00 | 154.00 | 198.00 | OK | |
r-oldrel-macos-x86_64 | 2.0-3 | WARN | ||||
r-oldrel-windows-ix86+x86_64 | 2.0-3 | 43.00 | 151.00 | 194.00 | OK |
Version: 2.0-3
Check: whether package can be installed
Result: WARN
Found the following significant warnings:
Warning: control reaches end of non-void function [-Wreturn-type]
Flavors: r-release-macos-x86_64, r-oldrel-macos-x86_64