CRAN Package Check Results for Package coda.base

Last updated on 2022-04-08 01:48:42 CEST.

Flavor Version Tinstall Tcheck Ttotal Status Flags
r-devel-linux-x86_64-debian-clang 0.4.1 52.01 52.28 104.29 OK
r-devel-linux-x86_64-debian-gcc 0.4.1 47.91 40.80 88.71 OK
r-devel-linux-x86_64-fedora-clang 0.4.1 153.20 NOTE
r-devel-linux-x86_64-fedora-gcc 0.4.1 128.89 NOTE
r-devel-windows-x86_64-new-UL 0.4.1 65.00 97.00 162.00 OK
r-patched-linux-x86_64 0.4.1 53.15 50.80 103.95 OK
r-release-linux-x86_64 0.4.1 44.03 50.11 94.14 OK
r-release-macos-arm64 0.4.1 NOTE
r-release-macos-x86_64 0.4.1 NOTE
r-release-windows-ix86+x86_64 0.4.1 129.00 87.00 216.00 OK
r-oldrel-macos-x86_64 0.4.1 NOTE
r-oldrel-windows-ix86+x86_64 0.4.1 128.00 85.00 213.00 OK

Check Details

Version: 0.4.1
Check: data for non-ASCII characters
Result: NOTE
     Note: found 19 marked UTF-8 strings
Flavors: r-devel-linux-x86_64-fedora-clang, r-devel-linux-x86_64-fedora-gcc, r-release-macos-arm64, r-release-macos-x86_64, r-oldrel-macos-x86_64