Last updated on 2022-04-08 01:48:42 CEST.
Flavor | Version | Tinstall | Tcheck | Ttotal | Status | Flags |
---|---|---|---|---|---|---|
r-devel-linux-x86_64-debian-clang | 1.1-3 | 5.74 | 46.99 | 52.73 | NOTE | |
r-devel-linux-x86_64-debian-gcc | 1.1-3 | 4.18 | 36.58 | 40.76 | NOTE | |
r-devel-linux-x86_64-fedora-clang | 1.1-3 | 63.58 | NOTE | |||
r-devel-linux-x86_64-fedora-gcc | 1.1-3 | 51.78 | NOTE | |||
r-devel-windows-x86_64-new-UL | 1.1-3 | 23.00 | 63.00 | 86.00 | NOTE | |
r-patched-linux-x86_64 | 1.1-3 | 6.15 | 45.75 | 51.90 | NOTE | |
r-release-linux-x86_64 | 1.1-3 | 5.46 | 45.51 | 50.97 | NOTE | |
r-release-macos-arm64 | 1.1-3 | NOTE | ||||
r-release-macos-x86_64 | 1.1-3 | NOTE | ||||
r-release-windows-ix86+x86_64 | 1.1-3 | 11.00 | 57.00 | 68.00 | NOTE | |
r-oldrel-macos-x86_64 | 1.1-3 | NOTE | ||||
r-oldrel-windows-ix86+x86_64 | 1.1-3 | 10.00 | 51.00 | 61.00 | NOTE |
Version: 1.1-3
Check: package dependencies
Result: NOTE
Package which this enhances but not available for checking: 'rkward'
Flavors: r-devel-linux-x86_64-debian-clang, r-devel-linux-x86_64-debian-gcc, r-devel-linux-x86_64-fedora-clang, r-devel-linux-x86_64-fedora-gcc, r-devel-windows-x86_64-new-UL, r-patched-linux-x86_64, r-release-linux-x86_64, r-release-macos-arm64, r-release-macos-x86_64, r-release-windows-ix86+x86_64, r-oldrel-macos-x86_64, r-oldrel-windows-ix86+x86_64