CRAN Package Check Results for Package cnaOpt

Last updated on 2022-04-08 01:48:42 CEST.

Flavor Version Tinstall Tcheck Ttotal Status Flags
r-devel-linux-x86_64-debian-clang 0.5.0 48.64 130.66 179.30 WARN
r-devel-linux-x86_64-debian-gcc 0.5.0 36.60 95.43 132.03 OK
r-devel-linux-x86_64-fedora-clang 0.5.0 222.92 WARN
r-devel-linux-x86_64-fedora-gcc 0.5.0 200.86 OK
r-devel-windows-x86_64-new-UL 0.5.0 45.00 162.00 207.00 OK
r-patched-linux-x86_64 0.5.0 51.38 122.05 173.43 OK
r-release-linux-x86_64 0.5.0 40.81 116.51 157.32 OK
r-release-macos-arm64 0.5.0 OK
r-release-macos-x86_64 0.5.0 OK
r-release-windows-ix86+x86_64 0.5.0 108.00 197.00 305.00 OK
r-oldrel-macos-x86_64 0.5.0 OK
r-oldrel-windows-ix86+x86_64 0.5.0 110.00 195.00 305.00 OK

Additional issues

clang14

Check Details

Version: 0.5.0
Check: whether package can be installed
Result: WARN
    Found the following significant warnings:
     C_iterate2.cpp:71:7: warning: use of bitwise '&' with boolean operands [-Wbitwise-instead-of-logical]
     min_hitting_sets_aux.cpp:101:8: warning: use of bitwise '&' with boolean operands [-Wbitwise-instead-of-logical]
Flavors: r-devel-linux-x86_64-debian-clang, r-devel-linux-x86_64-fedora-clang