Last updated on 2022-04-08 01:48:42 CEST.
Flavor | Version | Tinstall | Tcheck | Ttotal | Status | Flags |
---|---|---|---|---|---|---|
r-devel-linux-x86_64-debian-clang | 1.1.11 | 14.06 | 98.05 | 112.11 | OK | |
r-devel-linux-x86_64-debian-gcc | 1.1.11 | 12.49 | 71.67 | 84.16 | OK | |
r-devel-linux-x86_64-fedora-clang | 1.1.11 | 133.75 | NOTE | |||
r-devel-linux-x86_64-fedora-gcc | 1.1.11 | 119.81 | NOTE | |||
r-devel-windows-x86_64-new-UL | 1.1.11 | 51.00 | 103.00 | 154.00 | OK | |
r-patched-linux-x86_64 | 1.1.11 | 10.76 | 93.27 | 104.03 | OK | |
r-release-linux-x86_64 | 1.1.11 | 9.16 | 89.53 | 98.69 | OK | |
r-release-macos-arm64 | 1.1.11 | NOTE | ||||
r-release-macos-x86_64 | 1.1.11 | NOTE | ||||
r-release-windows-ix86+x86_64 | 1.1.11 | 24.00 | 98.00 | 122.00 | OK | |
r-oldrel-macos-x86_64 | 1.1.11 | NOTE | ||||
r-oldrel-windows-ix86+x86_64 | 1.1.11 | 23.00 | 95.00 | 118.00 | OK |
Version: 1.1.11
Check: package dependencies
Result: NOTE
Imports includes 21 non-default packages.
Importing from so many packages makes the package vulnerable to any of
them becoming unavailable. Move as many as possible to Suggests and
use conditionally.
Flavor: r-devel-linux-x86_64-fedora-clang
Version: 1.1.11
Check: dependencies in R code
Result: NOTE
Namespaces in Imports field not imported from:
‘maptools’ ‘rgdal’ ‘rworldxtra’
All declared Imports should be used.
Flavors: r-devel-linux-x86_64-fedora-clang, r-devel-linux-x86_64-fedora-gcc, r-release-macos-arm64, r-release-macos-x86_64, r-oldrel-macos-x86_64