CRAN Package Check Results for Package cmsaf

Last updated on 2022-04-08 01:48:42 CEST.

Flavor Version Tinstall Tcheck Ttotal Status Flags
r-devel-linux-x86_64-debian-clang 3.4.2 2.12 34.46 36.58 OK
r-devel-linux-x86_64-debian-gcc 3.4.2 1.68 27.41 29.09 OK
r-devel-linux-x86_64-fedora-clang 3.4.2 45.95 NOTE
r-devel-linux-x86_64-fedora-gcc 3.4.2 33.50 NOTE
r-devel-windows-x86_64-new-UL 3.4.2 36.00 64.00 100.00 OK
r-patched-linux-x86_64 3.4.2 2.82 33.68 36.50 OK
r-release-linux-x86_64 3.4.2 2.30 33.41 35.71 OK
r-release-macos-arm64 3.4.2 NOTE
r-release-macos-x86_64 3.4.2 NOTE
r-release-windows-ix86+x86_64 3.4.2 7.00 43.00 50.00 OK
r-oldrel-macos-x86_64 3.4.2 NOTE
r-oldrel-windows-ix86+x86_64 3.4.2 8.00 42.00 50.00 OK

Check Details

Version: 3.4.2
Check: dependencies in R code
Result: NOTE
    Namespaces in Imports field not imported from:
     ‘FNN’ ‘R.utils’ ‘SearchTrees’ ‘colorspace’ ‘colourpicker’
     ‘data.table’ ‘fields’ ‘mapproj’ ‘maps’ ‘maptools’ ‘ncdf4’ ‘raster’
     ‘rworldxtra’ ‘shinyFiles’ ‘shinyWidgets’ ‘shinyjs’ ‘shinythemes’ ‘sp’
     ‘tcltk’ ‘xml2’
     All declared Imports should be used.
Flavors: r-devel-linux-x86_64-fedora-clang, r-devel-linux-x86_64-fedora-gcc, r-release-macos-arm64, r-release-macos-x86_64, r-oldrel-macos-x86_64