CRAN Package Check Results for Package clusternomics

Last updated on 2022-04-08 01:48:42 CEST.

Flavor Version Tinstall Tcheck Ttotal Status Flags
r-devel-linux-x86_64-debian-clang 0.1.1 4.19 873.77 877.96 NOTE
r-devel-linux-x86_64-debian-gcc 0.1.1 3.61 636.57 640.18 NOTE
r-devel-linux-x86_64-fedora-clang 0.1.1 830.08 NOTE
r-devel-linux-x86_64-fedora-gcc 0.1.1 847.98 NOTE
r-devel-windows-x86_64-new-UL 0.1.1 50.00 47.00 97.00 NOTE --no-examples --no-tests --no-vignettes
r-patched-linux-x86_64 0.1.1 4.50 702.40 706.90 NOTE
r-release-linux-x86_64 0.1.1 3.95 812.27 816.22 NOTE
r-release-macos-arm64 0.1.1 NOTE
r-release-macos-x86_64 0.1.1 NOTE
r-release-windows-ix86+x86_64 0.1.1 8.00 53.00 61.00 NOTE --no-examples --no-tests --no-vignettes
r-oldrel-macos-x86_64 0.1.1 OK
r-oldrel-windows-ix86+x86_64 0.1.1 8.00 54.00 62.00 OK --no-examples --no-tests --no-vignettes

Check Details

Version: 0.1.1
Check: LazyData
Result: NOTE
     'LazyData' is specified without a 'data' directory
Flavors: r-devel-linux-x86_64-debian-clang, r-devel-linux-x86_64-debian-gcc, r-devel-linux-x86_64-fedora-clang, r-devel-linux-x86_64-fedora-gcc, r-patched-linux-x86_64, r-release-linux-x86_64, r-release-macos-arm64, r-release-macos-x86_64

Version: 0.1.1
Flags: --no-examples --no-tests --no-vignettes
Check: LazyData
Result: NOTE
     'LazyData' is specified without a 'data' directory
Flavors: r-devel-windows-x86_64-new-UL, r-release-windows-ix86+x86_64