CRAN Package Check Results for Package cluster

Last updated on 2022-04-08 01:48:42 CEST.

Flavor Version Tinstall Tcheck Ttotal Status Flags
r-devel-linux-x86_64-debian-clang 2.1.3 11.24 150.22 161.46 OK
r-devel-linux-x86_64-debian-gcc 2.1.3 8.45 102.65 111.10 OK
r-devel-linux-x86_64-fedora-clang 2.1.3 195.39 NOTE
r-devel-linux-x86_64-fedora-gcc 2.1.3 176.64 OK
r-devel-windows-x86_64-new-UL 2.1.3 77.00 167.00 244.00 OK
r-patched-linux-x86_64 2.1.3 8.75 139.16 147.91 OK
r-release-linux-x86_64 2.1.3 8.44 132.60 141.04 OK
r-release-macos-arm64 2.1.3 OK
r-release-macos-x86_64 2.1.3 OK
r-release-windows-ix86+x86_64 2.1.3 29.00 285.00 314.00 OK
r-oldrel-macos-x86_64 2.1.3 OK
r-oldrel-windows-ix86+x86_64 2.1.3 28.00 286.00 314.00 OK

Check Details

Version: 2.1.3
Check: Rd cross-references
Result: NOTE
    Undeclared packages ‘mvoutlier’, ‘fpc’, ‘ellipse’, ‘sfsmisc’ in Rd xrefs
Flavor: r-devel-linux-x86_64-fedora-clang