Last updated on 2022-04-08 01:48:41 CEST.
Flavor | Version | Tinstall | Tcheck | Ttotal | Status | Flags |
---|---|---|---|---|---|---|
r-devel-linux-x86_64-debian-clang | 0.3-60 | 10.02 | 90.12 | 100.14 | OK | |
r-devel-linux-x86_64-debian-gcc | 0.3-60 | 8.41 | 67.38 | 75.79 | OK | |
r-devel-linux-x86_64-fedora-clang | 0.3-60 | 122.75 | NOTE | |||
r-devel-linux-x86_64-fedora-gcc | 0.3-60 | 110.73 | OK | |||
r-devel-windows-x86_64-new-UL | 0.3-60 | 50.00 | 136.00 | 186.00 | OK | |
r-patched-linux-x86_64 | 0.3-60 | 11.65 | 84.02 | 95.67 | OK | |
r-release-linux-x86_64 | 0.3-60 | 11.06 | 83.83 | 94.89 | OK | |
r-release-macos-arm64 | 0.3-60 | OK | ||||
r-release-macos-x86_64 | 0.3-60 | OK | ||||
r-release-windows-ix86+x86_64 | 0.3-60 | 22.00 | 121.00 | 143.00 | OK | |
r-oldrel-macos-x86_64 | 0.3-60 | OK | ||||
r-oldrel-windows-ix86+x86_64 | 0.3-60 | 22.00 | 124.00 | 146.00 | OK |
Version: 0.3-60
Check: Rd cross-references
Result: NOTE
Undeclared packages ‘mlbench’, ‘fpc’ in Rd xrefs
Flavor: r-devel-linux-x86_64-fedora-clang