Last updated on 2022-04-08 01:48:41 CEST.
Flavor | Version | Tinstall | Tcheck | Ttotal | Status | Flags |
---|---|---|---|---|---|---|
r-devel-linux-x86_64-debian-clang | 0.0.1 | 2.08 | 36.45 | 38.53 | NOTE | |
r-devel-linux-x86_64-debian-gcc | 0.0.1 | 1.76 | 28.43 | 30.19 | NOTE | |
r-devel-linux-x86_64-fedora-clang | 0.0.1 | 48.44 | NOTE | |||
r-devel-linux-x86_64-fedora-gcc | 0.0.1 | 35.42 | NOTE | |||
r-devel-windows-x86_64-new-UL | 0.0.1 | 30.00 | 62.00 | 92.00 | NOTE | |
r-patched-linux-x86_64 | 0.0.1 | 1.93 | 35.28 | 37.21 | NOTE | |
r-release-linux-x86_64 | 0.0.1 | 1.73 | 36.39 | 38.12 | NOTE | |
r-release-macos-arm64 | 0.0.1 | NOTE | ||||
r-release-macos-x86_64 | 0.0.1 | NOTE | ||||
r-release-windows-ix86+x86_64 | 0.0.1 | 4.00 | 46.00 | 50.00 | NOTE | |
r-oldrel-macos-x86_64 | 0.0.1 | OK | ||||
r-oldrel-windows-ix86+x86_64 | 0.0.1 | 7.00 | 49.00 | 56.00 | OK |
Version: 0.0.1
Check: LazyData
Result: NOTE
'LazyData' is specified without a 'data' directory
Flavors: r-devel-linux-x86_64-debian-clang, r-devel-linux-x86_64-debian-gcc, r-devel-linux-x86_64-fedora-clang, r-devel-linux-x86_64-fedora-gcc, r-devel-windows-x86_64-new-UL, r-patched-linux-x86_64, r-release-linux-x86_64, r-release-macos-arm64, r-release-macos-x86_64, r-release-windows-ix86+x86_64