Last updated on 2022-04-08 01:48:41 CEST.
Flavor | Version | Tinstall | Tcheck | Ttotal | Status | Flags |
---|---|---|---|---|---|---|
r-devel-linux-x86_64-debian-clang | 0.6.0 | 33.55 | 303.32 | 336.87 | NOTE | |
r-devel-linux-x86_64-debian-gcc | 0.6.0 | 25.99 | 216.51 | 242.50 | NOTE | |
r-devel-linux-x86_64-fedora-clang | 0.6.0 | 388.51 | NOTE | |||
r-devel-linux-x86_64-fedora-gcc | 0.6.0 | 363.56 | NOTE | |||
r-devel-windows-x86_64-new-UL | 0.6.0 | 40.00 | 263.00 | 303.00 | NOTE | |
r-patched-linux-x86_64 | 0.6.0 | 26.59 | 281.43 | 308.02 | NOTE | |
r-release-linux-x86_64 | 0.6.0 | 26.56 | 254.64 | 281.20 | NOTE | |
r-release-macos-arm64 | 0.6.0 | NOTE | ||||
r-release-macos-x86_64 | 0.6.0 | NOTE | ||||
r-release-windows-ix86+x86_64 | 0.6.0 | 66.00 | 270.00 | 336.00 | NOTE | |
r-oldrel-macos-x86_64 | 0.6.0 | OK | ||||
r-oldrel-windows-ix86+x86_64 | 0.6.0 | 68.00 | 285.00 | 353.00 | OK |
Version: 0.6.0
Check: LazyData
Result: NOTE
'LazyData' is specified without a 'data' directory
Flavors: r-devel-linux-x86_64-debian-clang, r-devel-linux-x86_64-debian-gcc, r-devel-linux-x86_64-fedora-clang, r-devel-linux-x86_64-fedora-gcc, r-devel-windows-x86_64-new-UL, r-patched-linux-x86_64, r-release-linux-x86_64, r-release-macos-arm64, r-release-macos-x86_64, r-release-windows-ix86+x86_64