CRAN Package Check Results for Package cctools

Last updated on 2022-04-08 01:48:41 CEST.

Flavor Version Tinstall Tcheck Ttotal Status Flags
r-devel-linux-x86_64-debian-clang 0.1.2 37.97 96.00 133.97 NOTE
r-devel-linux-x86_64-debian-gcc 0.1.2 30.08 71.82 101.90 NOTE
r-devel-linux-x86_64-fedora-clang 0.1.2 168.37 NOTE
r-devel-linux-x86_64-fedora-gcc 0.1.2 150.19 NOTE
r-devel-windows-x86_64-new-UL 0.1.2 39.00 125.00 164.00 NOTE
r-patched-linux-x86_64 0.1.2 32.49 91.39 123.88 NOTE
r-release-linux-x86_64 0.1.2 33.13 87.24 120.37 NOTE
r-release-macos-arm64 0.1.2 NOTE
r-release-macos-x86_64 0.1.2 NOTE
r-release-windows-ix86+x86_64 0.1.2 85.00 147.00 232.00 NOTE
r-oldrel-macos-x86_64 0.1.2 OK
r-oldrel-windows-ix86+x86_64 0.1.2 85.00 150.00 235.00 OK

Check Details

Version: 0.1.2
Check: LazyData
Result: NOTE
     'LazyData' is specified without a 'data' directory
Flavors: r-devel-linux-x86_64-debian-clang, r-devel-linux-x86_64-debian-gcc, r-devel-linux-x86_64-fedora-clang, r-devel-linux-x86_64-fedora-gcc, r-devel-windows-x86_64-new-UL, r-patched-linux-x86_64, r-release-linux-x86_64, r-release-macos-arm64, r-release-macos-x86_64, r-release-windows-ix86+x86_64