CRAN Package Check Results for Package ccdf

Last updated on 2022-04-08 01:48:41 CEST.

Flavor Version Tinstall Tcheck Ttotal Status Flags
r-devel-linux-x86_64-debian-clang 1.1.4 7.00 82.14 89.14 OK
r-devel-linux-x86_64-debian-gcc 1.1.4 5.92 60.29 66.21 OK
r-devel-linux-x86_64-fedora-clang 1.1.4 106.82 NOTE
r-devel-linux-x86_64-fedora-gcc 1.1.4 93.27 NOTE
r-devel-windows-x86_64-new-UL 1.1.4 13.00 97.00 110.00 OK
r-patched-linux-x86_64 1.1.4 6.97 77.27 84.24 OK
r-release-linux-x86_64 1.1.4 7.82 72.36 80.18 OK
r-release-macos-arm64 1.1.4 NOTE
r-release-macos-x86_64 1.1.4 NOTE
r-release-windows-ix86+x86_64 1.1.4 19.00 84.00 103.00 OK
r-oldrel-macos-x86_64 1.1.4 NOTE
r-oldrel-windows-ix86+x86_64 1.1.4 18.00 88.00 106.00 OK

Check Details

Version: 1.1.4
Check: dependencies in R code
Result: NOTE
    Namespace in Imports field not imported from: ‘statmod’
     All declared Imports should be used.
Flavors: r-devel-linux-x86_64-fedora-clang, r-devel-linux-x86_64-fedora-gcc, r-release-macos-arm64, r-release-macos-x86_64, r-oldrel-macos-x86_64