Last updated on 2022-04-08 01:48:41 CEST.
Flavor | Version | Tinstall | Tcheck | Ttotal | Status | Flags |
---|---|---|---|---|---|---|
r-devel-linux-x86_64-debian-clang | 1.0.2 | 4.51 | 53.11 | 57.62 | OK | |
r-devel-linux-x86_64-debian-gcc | 1.0.2 | 3.42 | 39.54 | 42.96 | OK | |
r-devel-linux-x86_64-fedora-clang | 1.0.2 | 68.95 | NOTE | |||
r-devel-linux-x86_64-fedora-gcc | 1.0.2 | 56.08 | NOTE | |||
r-devel-windows-x86_64-new-UL | 1.0.2 | 10.00 | 65.00 | 75.00 | OK | |
r-patched-linux-x86_64 | 1.0.2 | 2.34 | 50.81 | 53.15 | OK | |
r-release-linux-x86_64 | 1.0.2 | 2.48 | 48.71 | 51.19 | OK | |
r-release-macos-arm64 | 1.0.2 | NOTE | ||||
r-release-macos-x86_64 | 1.0.2 | NOTE | ||||
r-release-windows-ix86+x86_64 | 1.0.2 | 9.00 | 55.00 | 64.00 | OK | |
r-oldrel-macos-x86_64 | 1.0.2 | NOTE | ||||
r-oldrel-windows-ix86+x86_64 | 1.0.2 | 8.00 | 57.00 | 65.00 | OK |
Version: 1.0.2
Check: dependencies in R code
Result: NOTE
Namespaces in Imports field not imported from:
‘epitools’ ‘forcats’ ‘purrr’
All declared Imports should be used.
Flavors: r-devel-linux-x86_64-fedora-clang, r-devel-linux-x86_64-fedora-gcc, r-release-macos-arm64, r-release-macos-x86_64, r-oldrel-macos-x86_64