CRAN Package Check Results for Package card

Last updated on 2022-04-08 01:48:41 CEST.

Flavor Version Tinstall Tcheck Ttotal Status Flags
r-devel-linux-x86_64-debian-clang 0.1.0 12.28 148.30 160.58 OK
r-devel-linux-x86_64-debian-gcc 0.1.0 9.82 107.06 116.88 OK
r-devel-linux-x86_64-fedora-clang 0.1.0 190.91 NOTE
r-devel-linux-x86_64-fedora-gcc 0.1.0 169.48 NOTE
r-devel-windows-x86_64-new-UL 0.1.0 36.00 161.00 197.00 OK
r-patched-linux-x86_64 0.1.0 7.06 136.70 143.76 OK
r-release-linux-x86_64 0.1.0 7.32 135.13 142.45 OK
r-release-macos-arm64 0.1.0 NOTE
r-release-macos-x86_64 0.1.0 NOTE
r-release-windows-ix86+x86_64 0.1.0 30.00 159.00 189.00 OK
r-oldrel-macos-x86_64 0.1.0 NOTE
r-oldrel-windows-ix86+x86_64 0.1.0 26.00 163.00 189.00 OK

Check Details

Version: 0.1.0
Check: dependencies in R code
Result: NOTE
    Namespaces in Imports field not imported from:
     ‘Hmisc’ ‘methods’ ‘readr’ ‘recipes’ ‘sf’ ‘stringr’ ‘utils’
     All declared Imports should be used.
Flavors: r-devel-linux-x86_64-fedora-clang, r-devel-linux-x86_64-fedora-gcc, r-release-macos-arm64, r-release-macos-x86_64, r-oldrel-macos-x86_64