Last updated on 2022-04-08 01:48:41 CEST.
Flavor | Version | Tinstall | Tcheck | Ttotal | Status | Flags |
---|---|---|---|---|---|---|
r-devel-linux-x86_64-debian-clang | 0.14.0 | 17.11 | 160.18 | 177.29 | OK | |
r-devel-linux-x86_64-debian-gcc | 0.14.0 | 13.38 | 119.21 | 132.59 | OK | |
r-devel-linux-x86_64-fedora-clang | 0.14.0 | 205.01 | NOTE | |||
r-devel-linux-x86_64-fedora-gcc | 0.14.0 | 186.80 | NOTE | |||
r-devel-windows-x86_64-new-UL | 0.14.0 | 27.00 | 165.00 | 192.00 | OK | |
r-patched-linux-x86_64 | 0.14.0 | 21.89 | 145.97 | 167.86 | OK | |
r-release-linux-x86_64 | 0.14.0 | 14.73 | 140.02 | 154.75 | OK | |
r-release-macos-arm64 | 0.14.0 | NOTE | ||||
r-release-macos-x86_64 | 0.14.0 | NOTE | ||||
r-release-windows-ix86+x86_64 | 0.14.0 | 33.00 | 158.00 | 191.00 | OK | |
r-oldrel-macos-x86_64 | 0.14.0 | NOTE | ||||
r-oldrel-windows-ix86+x86_64 | 0.14.0 | 35.00 | 163.00 | 198.00 | OK |
Version: 0.14.0
Check: data for non-ASCII characters
Result: NOTE
Note: found 59 marked UTF-8 strings
Flavors: r-devel-linux-x86_64-fedora-clang, r-devel-linux-x86_64-fedora-gcc, r-release-macos-arm64, r-release-macos-x86_64, r-oldrel-macos-x86_64