CRAN Package Check Results for Package caffsim

Last updated on 2022-04-08 01:48:41 CEST.

Flavor Version Tinstall Tcheck Ttotal Status Flags
r-devel-linux-x86_64-debian-clang 0.2.2 11.78 120.84 132.62 OK
r-devel-linux-x86_64-debian-gcc 0.2.2 10.55 90.31 100.86 OK
r-devel-linux-x86_64-fedora-clang 0.2.2 158.47 NOTE
r-devel-linux-x86_64-fedora-gcc 0.2.2 141.06 NOTE
r-devel-windows-x86_64-new-UL 0.2.2 22.00 131.00 153.00 OK
r-patched-linux-x86_64 0.2.2 10.93 111.97 122.90 OK
r-release-linux-x86_64 0.2.2 10.58 103.94 114.52 OK
r-release-macos-arm64 0.2.2 NOTE
r-release-macos-x86_64 0.2.2 NOTE
r-release-windows-ix86+x86_64 0.2.2 26.00 121.00 147.00 OK
r-oldrel-macos-x86_64 0.2.2 NOTE
r-oldrel-windows-ix86+x86_64 0.2.2 27.00 121.00 148.00 OK

Check Details

Version: 0.2.2
Check: dependencies in R code
Result: NOTE
    Namespace in Imports field not imported from: ‘markdown’
     All declared Imports should be used.
Flavors: r-devel-linux-x86_64-fedora-clang, r-devel-linux-x86_64-fedora-gcc, r-release-macos-arm64, r-release-macos-x86_64, r-oldrel-macos-x86_64