Last updated on 2022-04-08 01:48:41 CEST.
Flavor | Version | Tinstall | Tcheck | Ttotal | Status | Flags |
---|---|---|---|---|---|---|
r-devel-linux-x86_64-debian-clang | 1.3 | 3.45 | 163.30 | 166.75 | OK | |
r-devel-linux-x86_64-debian-gcc | 1.3 | 3.69 | 116.67 | 120.36 | OK | |
r-devel-linux-x86_64-fedora-clang | 1.3 | 204.80 | NOTE | |||
r-devel-linux-x86_64-fedora-gcc | 1.3 | 186.19 | OK | |||
r-devel-windows-x86_64-new-UL | 1.3 | 37.00 | 182.00 | 219.00 | NOTE | |
r-patched-linux-x86_64 | 1.3 | 4.16 | 156.88 | 161.04 | OK | |
r-release-linux-x86_64 | 1.3 | 4.05 | 160.52 | 164.57 | OK | |
r-release-macos-arm64 | 1.3 | NOTE | ||||
r-release-macos-x86_64 | 1.3 | NOTE | ||||
r-release-windows-ix86+x86_64 | 1.3 | 9.00 | 179.00 | 188.00 | NOTE | |
r-oldrel-macos-x86_64 | 1.3 | NOTE | ||||
r-oldrel-windows-ix86+x86_64 | 1.3 | 10.00 | 176.00 | 186.00 | NOTE |
Version: 1.3
Check: installed package size
Result: NOTE
installed size is 5.9Mb
sub-directories of 1Mb or more:
doc 5.7Mb
Flavors: r-devel-linux-x86_64-fedora-clang, r-devel-windows-x86_64-new-UL, r-release-macos-arm64, r-release-macos-x86_64, r-release-windows-ix86+x86_64, r-oldrel-macos-x86_64, r-oldrel-windows-ix86+x86_64