Last updated on 2022-04-08 01:48:41 CEST.
Flavor | Version | Tinstall | Tcheck | Ttotal | Status | Flags |
---|---|---|---|---|---|---|
r-devel-linux-x86_64-debian-clang | 0.3.1 | 8.29 | 98.62 | 106.91 | OK | |
r-devel-linux-x86_64-debian-gcc | 0.3.1 | 6.06 | 75.25 | 81.31 | OK | |
r-devel-linux-x86_64-fedora-clang | 0.3.1 | 125.40 | NOTE | |||
r-devel-linux-x86_64-fedora-gcc | 0.3.1 | 116.65 | OK | |||
r-devel-windows-x86_64-new-UL | 0.3.1 | 407.00 | 142.00 | 549.00 | NOTE | |
r-patched-linux-x86_64 | 0.3.1 | 11.11 | 98.71 | 109.82 | OK | |
r-release-linux-x86_64 | 0.3.1 | 6.20 | 95.68 | 101.88 | OK | |
r-release-macos-arm64 | 0.3.1 | NOTE | ||||
r-release-macos-x86_64 | 0.3.1 | NOTE | ||||
r-release-windows-ix86+x86_64 | 0.3.1 | 14.00 | 128.00 | 142.00 | NOTE | |
r-oldrel-macos-x86_64 | 0.3.1 | NOTE | ||||
r-oldrel-windows-ix86+x86_64 | 0.3.1 | 14.00 | 131.00 | 145.00 | NOTE |
Version: 0.3.1
Check: installed package size
Result: NOTE
installed size is 10.3Mb
sub-directories of 1Mb or more:
fonts 3.1Mb
lib 5.4Mb
Flavors: r-devel-linux-x86_64-fedora-clang, r-devel-windows-x86_64-new-UL, r-release-macos-arm64, r-release-macos-x86_64, r-release-windows-ix86+x86_64, r-oldrel-macos-x86_64, r-oldrel-windows-ix86+x86_64