Last updated on 2022-04-08 01:48:41 CEST.
Flavor | Version | Tinstall | Tcheck | Ttotal | Status | Flags |
---|---|---|---|---|---|---|
r-devel-linux-x86_64-debian-clang | 0.1.2 | 21.44 | 201.97 | 223.41 | NOTE | |
r-devel-linux-x86_64-debian-gcc | 0.1.2 | 17.29 | 146.34 | 163.63 | NOTE | |
r-devel-linux-x86_64-fedora-clang | 0.1.2 | 265.89 | NOTE | |||
r-devel-linux-x86_64-fedora-gcc | 0.1.2 | 241.95 | NOTE | |||
r-devel-windows-x86_64-new-UL | 0.1.2 | 26.00 | 202.00 | 228.00 | NOTE | |
r-patched-linux-x86_64 | 0.1.2 | 22.31 | 185.79 | 208.10 | NOTE | |
r-release-linux-x86_64 | 0.1.2 | 0.26 | 11.71 | 11.97 | ERROR | |
r-release-macos-arm64 | 0.1.2 | NOTE | ||||
r-release-macos-x86_64 | 0.1.2 | NOTE | ||||
r-release-windows-ix86+x86_64 | 0.1.2 | 46.00 | 200.00 | 246.00 | NOTE | |
r-oldrel-macos-x86_64 | 0.1.2 | OK | ||||
r-oldrel-windows-ix86+x86_64 | 0.1.2 | 47.00 | 208.00 | 255.00 | OK |
Version: 0.1.2
Check: LazyData
Result: NOTE
'LazyData' is specified without a 'data' directory
Flavors: r-devel-linux-x86_64-debian-clang, r-devel-linux-x86_64-debian-gcc, r-devel-linux-x86_64-fedora-clang, r-devel-linux-x86_64-fedora-gcc, r-devel-windows-x86_64-new-UL, r-patched-linux-x86_64, r-release-macos-arm64, r-release-macos-x86_64, r-release-windows-ix86+x86_64
Version: 0.1.2
Check: package dependencies
Result: ERROR
Package required but not available: ‘blavaan’
See section ‘The DESCRIPTION file’ in the ‘Writing R Extensions’
manual.
Flavor: r-release-linux-x86_64