CRAN Package Check Results for Package brotli

Last updated on 2022-04-08 01:48:41 CEST.

Flavor Version Tinstall Tcheck Ttotal Status Flags
r-devel-linux-x86_64-debian-clang 1.2 45.06 48.20 93.26 OK
r-devel-linux-x86_64-debian-gcc 1.2 30.38 38.34 68.72 OK
r-devel-linux-x86_64-fedora-clang 1.2 110.38 NOTE
r-devel-linux-x86_64-fedora-gcc 1.2 90.37 OK
r-devel-windows-x86_64-new-UL 1.2 55.00 73.00 128.00 OK
r-patched-linux-x86_64 1.2 34.65 46.04 80.69 OK
r-release-linux-x86_64 1.2 33.79 43.80 77.59 OK
r-release-macos-arm64 1.2 OK
r-release-macos-x86_64 1.2 OK
r-release-windows-ix86+x86_64 1.2 72.00 62.00 134.00 OK
r-oldrel-macos-x86_64 1.2 OK
r-oldrel-windows-ix86+x86_64 1.2 73.00 61.00 134.00 OK

Check Details

Version: 1.2
Check: installed package size
Result: NOTE
     installed size is 5.1Mb
     sub-directories of 1Mb or more:
     bin 2.0Mb
     doc 1.1Mb
     libs 1.9Mb
Flavor: r-devel-linux-x86_64-fedora-clang