CRAN Package Check Results for Package breathteststan

Last updated on 2022-04-08 01:48:41 CEST.

Flavor Version Tinstall Tcheck Ttotal Status Flags
r-devel-linux-x86_64-debian-clang 0.8.0 147.35 145.11 292.46 NOTE
r-devel-linux-x86_64-debian-gcc 0.8.0 113.13 112.57 225.70 ERROR
r-devel-linux-x86_64-fedora-clang 0.8.4 358.75 NOTE
r-devel-linux-x86_64-fedora-gcc 0.8.4 371.21 NOTE
r-devel-windows-x86_64-new-UL 0.8.0 115.00 197.00 312.00 NOTE
r-patched-linux-x86_64 0.8.0 89.59 144.99 234.58 NOTE
r-release-linux-x86_64 0.8.0 92.27 137.42 229.69 NOTE
r-release-macos-arm64 0.8.0 NOTE
r-release-macos-x86_64 0.8.0 NOTE
r-release-windows-ix86+x86_64 0.8.0 295.00 290.00 585.00 NOTE
r-oldrel-macos-x86_64 0.8.0 NOTE
r-oldrel-windows-ix86+x86_64 0.8.0 67.00 7.00 74.00 ERROR

Check Details

Version: 0.8.0
Check: LazyData
Result: NOTE
     'LazyData' is specified without a 'data' directory
Flavors: r-devel-linux-x86_64-debian-clang, r-devel-linux-x86_64-debian-gcc, r-devel-windows-x86_64-new-UL, r-patched-linux-x86_64, r-release-linux-x86_64, r-release-macos-arm64, r-release-macos-x86_64, r-release-windows-ix86+x86_64

Version: 0.8.0
Check: for GNU extensions in Makefiles
Result: NOTE
    GNU make is a SystemRequirements.
Flavors: r-devel-linux-x86_64-debian-clang, r-devel-linux-x86_64-debian-gcc, r-devel-windows-x86_64-new-UL, r-patched-linux-x86_64, r-release-linux-x86_64, r-release-macos-arm64, r-release-macos-x86_64, r-release-windows-ix86+x86_64, r-oldrel-macos-x86_64

Version: 0.8.0
Check: tests
Result: ERROR
     Running ‘testthat.R’ [22s/35s]
    Running the tests in ‘tests/testthat.R’ failed.
    Complete output:
     > library(testthat)
     > library(breathteststan)
     Loading required package: Rcpp
     > Sys.unsetenv("R_TESTS") # https://github.com/r-lib/testthat/issues/603
     > test_check("breathteststan")
     [ FAIL 3 | WARN 0 | SKIP 3 | PASS 24 ]
    
     ══ Skipped tests ═══════════════════════════════════════════════════════════════
     • On CRAN (3)
    
     ══ Failed tests ════════════════════════════════════════════════════════════════
     ── Failure (test_stan_fit_2.R:26:3): Data that cannot be fitted with nls_list/nlme work with stan_fit ──
     sigma(fit) is not strictly more than 0.9. Difference: -0.0208
     ── Failure (test_stan_fit_2.R:33:3): Data that cannot be fitted with nls_list/nlme work with stan_fit ──
     nrow(cf) not equal to 395.
     1/1 mismatches
     [1] 400 - 395 == 5
     ── Failure (test_stan_fit_2.R:39:3): Data that cannot be fitted with nls_list/nlme work with stan_fit ──
     nrow(cf) not equal to 79.
     1/1 mismatches
     [1] 80 - 79 == 1
    
     [ FAIL 3 | WARN 0 | SKIP 3 | PASS 24 ]
     Error: Test failures
     Execution halted
Flavor: r-devel-linux-x86_64-debian-gcc

Version: 0.8.4
Check: installed package size
Result: NOTE
     installed size is 21.7Mb
     sub-directories of 1Mb or more:
     libs 21.4Mb
Flavor: r-devel-linux-x86_64-fedora-clang

Version: 0.8.4
Check: for GNU extensions in Makefiles
Result: NOTE
    GNU make is a SystemRequirements.
Flavors: r-devel-linux-x86_64-fedora-clang, r-devel-linux-x86_64-fedora-gcc

Version: 0.8.0
Check: installed package size
Result: NOTE
     installed size is 38.7Mb
     sub-directories of 1Mb or more:
     libs 38.5Mb
Flavors: r-release-macos-arm64, r-release-macos-x86_64, r-oldrel-macos-x86_64

Version: 0.8.0
Check: package dependencies
Result: NOTE
    Package suggested but not available for checking: ‘breathtestcore’
Flavor: r-oldrel-macos-x86_64

Version: 0.8.0
Check: whether package can be installed
Result: ERROR
    Installation failed.
Flavor: r-oldrel-windows-ix86+x86_64