CRAN Package Check Results for Package bpr

Last updated on 2022-04-08 01:48:41 CEST.

Flavor Version Tinstall Tcheck Ttotal Status Flags
r-devel-linux-x86_64-debian-clang 1.0.4 149.31 50.41 199.72 OK
r-devel-linux-x86_64-debian-gcc 1.0.4 119.43 38.84 158.27 OK
r-devel-linux-x86_64-fedora-clang 1.0.4 288.74 OK
r-devel-linux-x86_64-fedora-gcc 1.0.4 239.86 OK
r-devel-windows-x86_64-new-UL 1.0.4 118.00 95.00 213.00 OK
r-patched-linux-x86_64 1.0.4 124.32 48.69 173.01 OK
r-release-linux-x86_64 1.0.4 117.94 47.20 165.14 OK
r-release-macos-arm64 1.0.4 NOTE
r-release-macos-x86_64 1.0.4 OK
r-release-windows-ix86+x86_64 1.0.4 337.00 105.00 442.00 OK
r-oldrel-macos-x86_64 1.0.4 OK
r-oldrel-windows-ix86+x86_64 1.0.4 338.00 105.00 443.00 OK

Check Details

Version: 1.0.4
Check: installed package size
Result: NOTE
     installed size is 5.6Mb
     sub-directories of 1Mb or more:
     libs 5.5Mb
Flavor: r-release-macos-arm64