CRAN Package Check Results for Package bpgmm

Last updated on 2022-04-08 01:48:41 CEST.

Flavor Version Tinstall Tcheck Ttotal Status Flags
r-devel-linux-x86_64-debian-clang 1.0.7 114.46 94.96 209.42 WARN
r-devel-linux-x86_64-debian-gcc 1.0.7 95.18 70.05 165.23 NOTE
r-devel-linux-x86_64-fedora-clang 1.0.7 293.09 WARN
r-devel-linux-x86_64-fedora-gcc 1.0.7 251.63 NOTE
r-devel-windows-x86_64-new-UL 1.0.7 95.00 131.00 226.00 NOTE
r-patched-linux-x86_64 1.0.7 88.70 88.13 176.83 NOTE
r-release-linux-x86_64 1.0.7 85.10 84.14 169.24 NOTE
r-release-macos-arm64 1.0.7 NOTE
r-release-macos-x86_64 1.0.7 NOTE
r-release-windows-ix86+x86_64 1.0.7 262.00 149.00 411.00 NOTE
r-oldrel-macos-x86_64 1.0.7 NOTE
r-oldrel-windows-ix86+x86_64 1.0.7 69.00 8.00 77.00 ERROR

Additional issues

clang14

Check Details

Version: 1.0.7
Check: whether package can be installed
Result: WARN
    Found the following significant warnings:
     calculatePostLambdaPsy.cpp:77:7: warning: use of bitwise '&' with boolean operands [-Wbitwise-instead-of-logical]
     calculatePostLambdaPsy.cpp:228:14: warning: use of bitwise '&' with boolean operands [-Wbitwise-instead-of-logical]
     calculatePostLambdaPsy.cpp:381:14: warning: use of bitwise '&' with boolean operands [-Wbitwise-instead-of-logical]
     calculatePostLambdaPsy.cpp:542:14: warning: use of bitwise '&' with boolean operands [-Wbitwise-instead-of-logical]
     calculatePostLambdaPsy.cpp:718:14: warning: use of bitwise '&' with boolean operands [-Wbitwise-instead-of-logical]
     calculatePostLambdaPsy.cpp:858:14: warning: use of bitwise '&' with boolean operands [-Wbitwise-instead-of-logical]
     calculatePostLambdaPsy.cpp:996:14: warning: use of bitwise '&' with boolean operands [-Wbitwise-instead-of-logical]
     calculatePostLambdaPsy.cpp:1104:14: warning: use of bitwise '&' with boolean operands [-Wbitwise-instead-of-logical]
Flavors: r-devel-linux-x86_64-debian-clang, r-devel-linux-x86_64-fedora-clang

Version: 1.0.7
Check: LazyData
Result: NOTE
     'LazyData' is specified without a 'data' directory
Flavors: r-devel-linux-x86_64-debian-clang, r-devel-linux-x86_64-debian-gcc, r-devel-linux-x86_64-fedora-clang, r-devel-linux-x86_64-fedora-gcc, r-devel-windows-x86_64-new-UL, r-patched-linux-x86_64, r-release-linux-x86_64, r-release-macos-arm64, r-release-macos-x86_64, r-release-windows-ix86+x86_64

Version: 1.0.7
Check: installed package size
Result: NOTE
     installed size is 6.9Mb
     sub-directories of 1Mb or more:
     libs 6.7Mb
Flavors: r-release-macos-arm64, r-release-macos-x86_64, r-oldrel-macos-x86_64

Version: 1.0.7
Check: whether package can be installed
Result: ERROR
    Installation failed.
Flavor: r-oldrel-windows-ix86+x86_64