CRAN Package Check Results for Package bootcluster

Last updated on 2022-04-08 01:48:41 CEST.

Flavor Version Tinstall Tcheck Ttotal Status Flags
r-devel-linux-x86_64-debian-clang 0.3.2 11.61 128.07 139.68 OK
r-devel-linux-x86_64-debian-gcc 0.3.2 10.81 96.53 107.34 OK
r-devel-linux-x86_64-fedora-clang 0.3.2 167.88 NOTE
r-devel-linux-x86_64-fedora-gcc 0.3.2 151.60 NOTE
r-devel-windows-x86_64-new-UL 0.3.2 29.00 138.00 167.00 OK
r-patched-linux-x86_64 0.3.2 12.69 117.46 130.15 OK
r-release-linux-x86_64 0.3.2 12.23 108.32 120.55 OK
r-release-macos-arm64 0.3.2 NOTE
r-release-macos-x86_64 0.3.2 NOTE
r-release-windows-ix86+x86_64 0.3.2 30.00 125.00 155.00 OK
r-oldrel-macos-x86_64 0.3.2 NOTE
r-oldrel-windows-ix86+x86_64 0.3.2 31.00 125.00 156.00 OK

Check Details

Version: 0.3.2
Check: dependencies in R code
Result: NOTE
    Namespace in Imports field not imported from: ‘sna’
     All declared Imports should be used.
Flavors: r-devel-linux-x86_64-fedora-clang, r-devel-linux-x86_64-fedora-gcc, r-release-macos-arm64, r-release-macos-x86_64, r-oldrel-macos-x86_64