Last updated on 2022-04-08 01:48:41 CEST.
Flavor | Version | Tinstall | Tcheck | Ttotal | Status | Flags |
---|---|---|---|---|---|---|
r-devel-linux-x86_64-debian-clang | 0.1.0 | 15.88 | 48.81 | 64.69 | OK | |
r-devel-linux-x86_64-debian-gcc | 0.1.0 | 10.84 | 38.00 | 48.84 | OK | |
r-devel-linux-x86_64-fedora-clang | 0.1.0 | 76.36 | NOTE | |||
r-devel-linux-x86_64-fedora-gcc | 0.1.0 | 64.81 | NOTE | |||
r-devel-windows-x86_64-new-UL | 0.1.0 | 32.00 | 71.00 | 103.00 | OK | |
r-patched-linux-x86_64 | 0.1.0 | 13.83 | 46.64 | 60.47 | OK | |
r-release-linux-x86_64 | 0.1.0 | 8.87 | 46.45 | 55.32 | OK | |
r-release-macos-arm64 | 0.1.0 | NOTE | ||||
r-release-macos-x86_64 | 0.1.0 | NOTE | ||||
r-release-windows-ix86+x86_64 | 0.1.0 | 20.00 | 59.00 | 79.00 | OK | |
r-oldrel-macos-x86_64 | 0.1.0 | NOTE | ||||
r-oldrel-windows-ix86+x86_64 | 0.1.0 | 20.00 | 56.00 | 76.00 | OK |
Version: 0.1.0
Check: dependencies in R code
Result: NOTE
Namespace in Imports field not imported from: ‘R6’
All declared Imports should be used.
Flavors: r-devel-linux-x86_64-fedora-clang, r-devel-linux-x86_64-fedora-gcc, r-release-macos-arm64, r-release-macos-x86_64, r-oldrel-macos-x86_64