CRAN Package Check Results for Package bmotif

Last updated on 2022-04-08 01:48:40 CEST.

Flavor Version Tinstall Tcheck Ttotal Status Flags
r-devel-linux-x86_64-debian-clang 2.0.2 83.19 206.34 289.53 WARN
r-devel-linux-x86_64-debian-gcc 2.0.2 60.89 148.68 209.57 NOTE
r-devel-linux-x86_64-fedora-clang 2.0.2 364.00 WARN
r-devel-linux-x86_64-fedora-gcc 2.0.2 324.87 NOTE
r-devel-windows-x86_64-new-UL 2.0.2 92.00 226.00 318.00 NOTE
r-patched-linux-x86_64 2.0.2 62.62 196.18 258.80 NOTE
r-release-linux-x86_64 2.0.2 65.67 189.69 255.36 NOTE
r-release-macos-arm64 2.0.2 NOTE
r-release-macos-x86_64 2.0.2 NOTE
r-release-windows-ix86+x86_64 2.0.2 168.00 399.00 567.00 NOTE
r-oldrel-macos-x86_64 2.0.2 OK
r-oldrel-windows-ix86+x86_64 2.0.2 169.00 399.00 568.00 OK

Additional issues

clang14

Check Details

Version: 2.0.2
Check: whether package can be installed
Result: WARN
    Found the following significant warnings:
     node_pos_all.cpp:670:55: warning: use of bitwise '&' with boolean operands [-Wbitwise-instead-of-logical]
     node_pos_contribution.cpp:348:55: warning: use of bitwise '&' with boolean operands [-Wbitwise-instead-of-logical]
     node_pos_motifweights.cpp:352:55: warning: use of bitwise '&' with boolean operands [-Wbitwise-instead-of-logical]
     node_pos_nodeweights.cpp:329:55: warning: use of bitwise '&' with boolean operands [-Wbitwise-instead-of-logical]
     node_pos_stouffer.cpp:421:55: warning: use of bitwise '&' with boolean operands [-Wbitwise-instead-of-logical]
     sd.cpp:283:55: warning: use of bitwise '&' with boolean operands [-Wbitwise-instead-of-logical]
Flavor: r-devel-linux-x86_64-debian-clang

Version: 2.0.2
Check: LazyData
Result: NOTE
     'LazyData' is specified without a 'data' directory
Flavors: r-devel-linux-x86_64-debian-clang, r-devel-linux-x86_64-debian-gcc, r-devel-linux-x86_64-fedora-clang, r-devel-linux-x86_64-fedora-gcc, r-devel-windows-x86_64-new-UL, r-patched-linux-x86_64, r-release-linux-x86_64, r-release-macos-arm64, r-release-macos-x86_64, r-release-windows-ix86+x86_64

Version: 2.0.2
Check: whether package can be installed
Result: WARN
    Found the following significant warnings:
     node_pos_all.cpp:670:55: warning: use of bitwise '&' with boolean operands [-Wbitwise-instead-of-logical]
     node_pos_contribution.cpp:348:55: warning: use of bitwise '&' with boolean operands [-Wbitwise-instead-of-logical]
     node_pos_motifweights.cpp:352:55: warning: use of bitwise '&' with boolean operands [-Wbitwise-instead-of-logical]
     node_pos_stouffer.cpp:421:55: warning: use of bitwise '&' with boolean operands [-Wbitwise-instead-of-logical]
     node_pos_nodeweights.cpp:329:55: warning: use of bitwise '&' with boolean operands [-Wbitwise-instead-of-logical]
     sd.cpp:283:55: warning: use of bitwise '&' with boolean operands [-Wbitwise-instead-of-logical]
Flavor: r-devel-linux-x86_64-fedora-clang

Version: 2.0.2
Check: installed package size
Result: NOTE
     installed size is 6.2Mb
     sub-directories of 1Mb or more:
     libs 3.9Mb
Flavor: r-release-macos-arm64