CRAN Package Check Results for Package bltm

Last updated on 2022-04-08 01:48:40 CEST.

Flavor Version Tinstall Tcheck Ttotal Status Flags
r-devel-linux-x86_64-debian-clang 0.1.0 2.99 33.34 36.33 NOTE
r-devel-linux-x86_64-debian-gcc 0.1.0 2.15 26.11 28.26 NOTE
r-devel-linux-x86_64-fedora-clang 0.1.0 44.45 NOTE
r-devel-linux-x86_64-fedora-gcc 0.1.0 32.43 NOTE
r-devel-windows-x86_64-new-UL 0.1.0 17.00 47.00 64.00 NOTE
r-patched-linux-x86_64 0.1.0 2.19 31.89 34.08 NOTE
r-release-linux-x86_64 0.1.0 2.82 31.73 34.55 NOTE
r-release-macos-arm64 0.1.0 NOTE
r-release-macos-x86_64 0.1.0 NOTE
r-release-windows-ix86+x86_64 0.1.0 6.00 41.00 47.00 NOTE
r-oldrel-macos-x86_64 0.1.0 OK
r-oldrel-windows-ix86+x86_64 0.1.0 6.00 38.00 44.00 OK

Check Details

Version: 0.1.0
Check: LazyData
Result: NOTE
     'LazyData' is specified without a 'data' directory
Flavors: r-devel-linux-x86_64-debian-clang, r-devel-linux-x86_64-debian-gcc, r-devel-linux-x86_64-fedora-clang, r-devel-linux-x86_64-fedora-gcc, r-devel-windows-x86_64-new-UL, r-patched-linux-x86_64, r-release-linux-x86_64, r-release-macos-arm64, r-release-macos-x86_64, r-release-windows-ix86+x86_64