CRAN Package Check Results for Package blockmodels

Last updated on 2022-04-08 01:48:40 CEST.

Flavor Version Tinstall Tcheck Ttotal Status Flags
r-devel-linux-x86_64-debian-clang 1.1.5 96.57 72.98 169.55 OK
r-devel-linux-x86_64-debian-gcc 1.1.5 80.03 54.93 134.96 OK
r-devel-linux-x86_64-fedora-clang 1.1.5 242.15 NOTE
r-devel-linux-x86_64-fedora-gcc 1.1.5 201.59 OK
r-devel-windows-x86_64-new-UL 1.1.5 116.00 114.00 230.00 OK
r-patched-linux-x86_64 1.1.5 75.26 68.77 144.03 OK
r-release-linux-x86_64 1.1.5 79.24 67.80 147.04 OK
r-release-macos-arm64 1.1.5 NOTE
r-release-macos-x86_64 1.1.5 NOTE
r-release-windows-ix86+x86_64 1.1.5 203.00 122.00 325.00 NOTE
r-oldrel-macos-x86_64 1.1.5 NOTE
r-oldrel-windows-ix86+x86_64 1.1.5 204.00 123.00 327.00 NOTE

Check Details

Version: 1.1.5
Check: installed package size
Result: NOTE
     installed size is 9.8Mb
     sub-directories of 1Mb or more:
     libs 9.3Mb
Flavors: r-devel-linux-x86_64-fedora-clang, r-release-macos-arm64, r-release-macos-x86_64, r-release-windows-ix86+x86_64, r-oldrel-macos-x86_64, r-oldrel-windows-ix86+x86_64