CRAN Package Check Results for Package blin

Last updated on 2022-04-08 01:48:40 CEST.

Flavor Version Tinstall Tcheck Ttotal Status Flags
r-devel-linux-x86_64-debian-clang 0.0.1 11.21 200.16 211.37 NOTE
r-devel-linux-x86_64-debian-gcc 0.0.1 8.10 163.81 171.91 NOTE
r-devel-linux-x86_64-fedora-clang 0.0.1 260.93 NOTE
r-devel-linux-x86_64-fedora-gcc 0.0.1 257.74 NOTE
r-devel-windows-x86_64-new-UL 0.0.1 27.00 244.00 271.00 OK
r-patched-linux-x86_64 0.0.1 9.59 191.91 201.50 OK
r-release-linux-x86_64 0.0.1 7.04 78.95 85.99 OK
r-release-macos-arm64 0.0.1 OK
r-release-macos-x86_64 0.0.1 OK
r-release-windows-ix86+x86_64 0.0.1 19.00 94.00 113.00 OK
r-oldrel-macos-x86_64 0.0.1 OK
r-oldrel-windows-ix86+x86_64 0.0.1 20.00 92.00 112.00 OK

Check Details

Version: 0.0.1
Check: Rd files
Result: NOTE
    checkRd: (7) file 'build_design.Rd': \item in \value must have non-empty label
Flavors: r-devel-linux-x86_64-debian-clang, r-devel-linux-x86_64-debian-gcc, r-devel-linux-x86_64-fedora-clang, r-devel-linux-x86_64-fedora-gcc