Last updated on 2022-04-08 01:48:40 CEST.
Flavor | Version | Tinstall | Tcheck | Ttotal | Status | Flags |
---|---|---|---|---|---|---|
r-devel-linux-x86_64-debian-clang | 0.4-1 | 419.03 | 234.62 | 653.65 | NOTE | |
r-devel-linux-x86_64-debian-gcc | 0.4-1 | 246.16 | 177.57 | 423.73 | NOTE | |
r-devel-linux-x86_64-fedora-clang | 0.4-1 | 811.40 | NOTE | |||
r-devel-linux-x86_64-fedora-gcc | 0.4-1 | 678.15 | NOTE | |||
r-devel-windows-x86_64-new-UL | 0.4-1 | 199.00 | 257.00 | 456.00 | NOTE | |
r-patched-linux-x86_64 | 0.4-1 | 208.79 | 227.68 | 436.47 | NOTE | |
r-release-linux-x86_64 | 0.4-1 | 0.03 | 12.15 | 12.18 | ERROR | |
r-release-macos-arm64 | 0.4-1 | NOTE | ||||
r-release-macos-x86_64 | 0.4-1 | NOTE | ||||
r-release-windows-ix86+x86_64 | 0.4-1 | 607.00 | 314.00 | 921.00 | NOTE | |
r-oldrel-macos-x86_64 | 0.4-1 | NOTE | ||||
r-oldrel-windows-ix86+x86_64 | 0.4-1 | 39.00 | 8.00 | 47.00 | ERROR |
Version: 0.4-1
Check: for GNU extensions in Makefiles
Result: NOTE
GNU make is a SystemRequirements.
Flavors: r-devel-linux-x86_64-debian-clang, r-devel-linux-x86_64-debian-gcc, r-devel-linux-x86_64-fedora-clang, r-devel-linux-x86_64-fedora-gcc, r-devel-windows-x86_64-new-UL, r-patched-linux-x86_64, r-release-macos-arm64, r-release-macos-x86_64, r-release-windows-ix86+x86_64, r-oldrel-macos-x86_64
Version: 0.4-1
Check: installed package size
Result: NOTE
installed size is 54.4Mb
sub-directories of 1Mb or more:
libs 51.7Mb
testdata 1.5Mb
Flavors: r-devel-linux-x86_64-fedora-clang, r-devel-windows-x86_64-new-UL, r-release-macos-arm64, r-release-macos-x86_64, r-release-windows-ix86+x86_64, r-oldrel-macos-x86_64
Version: 0.4-1
Check: whether package can be installed
Result: ERROR
Installation failed.
Flavors: r-release-linux-x86_64, r-oldrel-windows-ix86+x86_64