CRAN Package Check Results for Package blatent

Last updated on 2022-04-08 01:48:40 CEST.

Flavor Version Tinstall Tcheck Ttotal Status Flags
r-devel-linux-x86_64-debian-clang 0.1.1 123.68 55.48 179.16 NOTE
r-devel-linux-x86_64-debian-gcc 0.1.1 106.92 42.47 149.39 NOTE
r-devel-linux-x86_64-fedora-clang 0.1.1 265.68 NOTE
r-devel-linux-x86_64-fedora-gcc 0.1.1 224.37 NOTE
r-devel-windows-x86_64-new-UL 0.1.1 114.00 94.00 208.00 NOTE
r-patched-linux-x86_64 0.1.1 102.13 52.87 155.00 NOTE
r-release-linux-x86_64 0.1.1 107.35 51.74 159.09 NOTE
r-release-macos-arm64 0.1.1 NOTE
r-release-macos-x86_64 0.1.1 NOTE
r-release-windows-ix86+x86_64 0.1.1 292.00 88.00 380.00 NOTE
r-oldrel-macos-x86_64 0.1.1 OK
r-oldrel-windows-ix86+x86_64 0.1.1 293.00 87.00 380.00 OK

Check Details

Version: 0.1.1
Check: LazyData
Result: NOTE
     'LazyData' is specified without a 'data' directory
Flavors: r-devel-linux-x86_64-debian-clang, r-devel-linux-x86_64-debian-gcc, r-devel-linux-x86_64-fedora-clang, r-devel-linux-x86_64-fedora-gcc, r-devel-windows-x86_64-new-UL, r-patched-linux-x86_64, r-release-linux-x86_64, r-release-macos-arm64, r-release-macos-x86_64, r-release-windows-ix86+x86_64

Version: 0.1.1
Check: installed package size
Result: NOTE
     installed size is 5.4Mb
     sub-directories of 1Mb or more:
     libs 5.0Mb
Flavor: r-release-macos-arm64