CRAN Package Check Results for Package blaster

Last updated on 2022-04-08 01:48:40 CEST.

Flavor Version Tinstall Tcheck Ttotal Status Flags
r-devel-linux-x86_64-debian-clang 1.0.4 65.53 36.23 101.76 OK
r-devel-linux-x86_64-debian-gcc 1.0.4 46.80 28.31 75.11 OK
r-devel-linux-x86_64-fedora-clang 1.0.4 147.67 OK
r-devel-linux-x86_64-fedora-gcc 1.0.4 107.90 OK
r-devel-windows-x86_64-new-UL 1.0.4 48.00 75.00 123.00 OK
r-patched-linux-x86_64 1.0.4 56.10 34.51 90.61 OK
r-release-linux-x86_64 1.0.4 52.97 33.70 86.67 OK
r-release-macos-arm64 1.0.4 NOTE
r-release-macos-x86_64 1.0.4 NOTE
r-release-windows-ix86+x86_64 1.0.4 122.00 68.00 190.00 OK
r-oldrel-macos-x86_64 1.0.4 NOTE
r-oldrel-windows-ix86+x86_64 1.0.4 123.00 67.00 190.00 OK

Check Details

Version: 1.0.4
Check: installed package size
Result: NOTE
     installed size is 8.0Mb
     sub-directories of 1Mb or more:
     libs 7.9Mb
Flavors: r-release-macos-arm64, r-release-macos-x86_64, r-oldrel-macos-x86_64