Last updated on 2022-04-08 01:48:40 CEST.
Flavor | Version | Tinstall | Tcheck | Ttotal | Status | Flags |
---|---|---|---|---|---|---|
r-devel-linux-x86_64-debian-clang | 1.0.2 | 139.01 | 54.44 | 193.45 | OK | |
r-devel-linux-x86_64-debian-gcc | 1.0.2 | 103.39 | 41.39 | 144.78 | OK | |
r-devel-linux-x86_64-fedora-clang | 1.0.2 | 281.50 | NOTE | |||
r-devel-linux-x86_64-fedora-gcc | 1.0.2 | 240.65 | OK | |||
r-devel-windows-x86_64-new-UL | 1.0.2 | 109.00 | 96.00 | 205.00 | OK | |
r-patched-linux-x86_64 | 1.0.2 | 114.94 | 52.61 | 167.55 | OK | |
r-release-linux-x86_64 | 1.0.2 | 122.71 | 50.14 | 172.85 | OK | |
r-release-macos-arm64 | 1.0.2 | NOTE | ||||
r-release-macos-x86_64 | 1.0.2 | NOTE | ||||
r-release-windows-ix86+x86_64 | 1.0.2 | 331.00 | 98.00 | 429.00 | OK | |
r-oldrel-macos-x86_64 | 1.0.2 | NOTE | ||||
r-oldrel-windows-ix86+x86_64 | 1.0.2 | 330.00 | 101.00 | 431.00 | OK |
Version: 1.0.2
Check: installed package size
Result: NOTE
installed size is 5.1Mb
sub-directories of 1Mb or more:
libs 4.9Mb
Flavors: r-devel-linux-x86_64-fedora-clang, r-release-macos-arm64, r-release-macos-x86_64, r-oldrel-macos-x86_64