Last updated on 2022-04-08 01:48:40 CEST.
Flavor | Version | Tinstall | Tcheck | Ttotal | Status | Flags |
---|---|---|---|---|---|---|
r-devel-linux-x86_64-debian-clang | 1.5.6 | 227.77 | 253.78 | 481.55 | OK | |
r-devel-linux-x86_64-debian-gcc | 1.5.6 | 182.92 | 201.01 | 383.93 | OK | |
r-devel-linux-x86_64-fedora-clang | 1.5.6 | 658.26 | NOTE | |||
r-devel-linux-x86_64-fedora-gcc | 1.5.6 | 584.73 | OK | |||
r-devel-windows-x86_64-new-UL | 1.5.6 | 276.00 | 319.00 | 595.00 | OK | |
r-patched-linux-x86_64 | 1.5.6 | 197.17 | 251.03 | 448.20 | OK | |
r-release-linux-x86_64 | 1.5.6 | 194.98 | 242.91 | 437.89 | OK | |
r-release-macos-arm64 | 1.5.6 | NOTE | ||||
r-release-macos-x86_64 | 1.5.6 | NOTE | ||||
r-release-windows-ix86+x86_64 | 1.5.6 | 614.00 | 520.00 | 1134.00 | NOTE | |
r-oldrel-macos-x86_64 | 1.5.6 | NOTE | ||||
r-oldrel-windows-ix86+x86_64 | 1.5.6 | 620.00 | 526.00 | 1146.00 | NOTE |
Version: 1.5.6
Check: installed package size
Result: NOTE
installed size is 10.2Mb
sub-directories of 1Mb or more:
extdata 2.3Mb
libs 7.2Mb
Flavors: r-devel-linux-x86_64-fedora-clang, r-release-macos-arm64, r-release-macos-x86_64, r-release-windows-ix86+x86_64, r-oldrel-macos-x86_64, r-oldrel-windows-ix86+x86_64