Last updated on 2022-04-08 01:48:40 CEST.
Flavor | Version | Tinstall | Tcheck | Ttotal | Status | Flags |
---|---|---|---|---|---|---|
r-devel-linux-x86_64-debian-clang | 1.9.11 | 261.28 | 301.75 | 563.03 | OK | |
r-devel-linux-x86_64-debian-gcc | 1.9.11 | 211.21 | 218.16 | 429.37 | OK | |
r-devel-linux-x86_64-fedora-clang | 1.9.11 | 751.76 | NOTE | |||
r-devel-linux-x86_64-fedora-gcc | 1.9.11 | 680.57 | OK | |||
r-devel-windows-x86_64-new-UL | 1.9.11 | 258.00 | 334.00 | 592.00 | OK | |
r-patched-linux-x86_64 | 1.9.11 | 193.50 | 285.52 | 479.02 | OK | |
r-release-linux-x86_64 | 1.9.11 | 173.89 | 266.52 | 440.41 | OK | |
r-release-macos-arm64 | 1.9.11 | NOTE | ||||
r-release-macos-x86_64 | 1.9.11 | NOTE | ||||
r-release-windows-ix86+x86_64 | 1.9.11 | 695.00 | 528.00 | 1223.00 | OK | |
r-oldrel-macos-x86_64 | 1.9.11 | NOTE | ||||
r-oldrel-windows-ix86+x86_64 | 1.9.11 | 496.00 | 10.00 | 506.00 | ERROR |
Version: 1.9.11
Check: installed package size
Result: NOTE
installed size is 7.4Mb
sub-directories of 1Mb or more:
libs 6.0Mb
Flavors: r-devel-linux-x86_64-fedora-clang, r-release-macos-arm64, r-release-macos-x86_64, r-oldrel-macos-x86_64
Version: 1.9.11
Check: whether package can be installed
Result: ERROR
Installation failed.
Flavor: r-oldrel-windows-ix86+x86_64