Last updated on 2022-04-08 01:48:40 CEST.
Flavor | Version | Tinstall | Tcheck | Ttotal | Status | Flags |
---|---|---|---|---|---|---|
r-devel-linux-x86_64-debian-clang | 1.9.1 | 4.81 | 59.21 | 64.02 | NOTE | |
r-devel-linux-x86_64-debian-gcc | 1.9.1 | 3.51 | 46.28 | 49.79 | NOTE | |
r-devel-linux-x86_64-fedora-clang | 1.9.1 | 78.09 | NOTE | |||
r-devel-linux-x86_64-fedora-gcc | 1.9.1 | 34.97 | NOTE | |||
r-devel-windows-x86_64-new-UL | 1.9.1 | 30.00 | 88.00 | 118.00 | OK | |
r-patched-linux-x86_64 | 1.9.1 | 3.32 | 57.05 | 60.37 | NOTE | |
r-release-linux-x86_64 | 1.9.1 | 3.98 | 58.13 | 62.11 | NOTE | |
r-release-macos-arm64 | 1.9.1 | OK | ||||
r-release-macos-x86_64 | 1.9.1 | OK | ||||
r-release-windows-ix86+x86_64 | 1.9.1 | 8.00 | 73.00 | 81.00 | OK | |
r-oldrel-macos-x86_64 | 1.9.1 | OK | ||||
r-oldrel-windows-ix86+x86_64 | 1.9.1 | 8.00 | 71.00 | 79.00 | OK |
Version: 1.9.1
Check: package dependencies
Result: NOTE
Package suggested but not available for checking: 'ffbase'
Flavors: r-devel-linux-x86_64-debian-clang, r-devel-linux-x86_64-debian-gcc, r-devel-linux-x86_64-fedora-clang, r-devel-linux-x86_64-fedora-gcc, r-patched-linux-x86_64, r-release-linux-x86_64