CRAN Package Check Results for Package betalink

Last updated on 2022-04-08 01:48:40 CEST.

Flavor Version Tinstall Tcheck Ttotal Status Flags
r-devel-linux-x86_64-debian-clang 2.2.1 2.02 34.76 36.78 NOTE
r-devel-linux-x86_64-debian-gcc 2.2.1 2.24 26.42 28.66 NOTE
r-devel-linux-x86_64-fedora-clang 2.2.1 45.00 NOTE
r-devel-linux-x86_64-fedora-gcc 2.2.1 34.42 NOTE
r-devel-windows-x86_64-new-UL 2.2.1 43.00 51.00 94.00 NOTE
r-patched-linux-x86_64 2.2.1 2.87 33.20 36.07 NOTE
r-release-linux-x86_64 2.2.1 2.48 31.45 33.93 NOTE
r-release-macos-arm64 2.2.1 NOTE
r-release-macos-x86_64 2.2.1 NOTE
r-release-windows-ix86+x86_64 2.2.1 5.00 41.00 46.00 NOTE
r-oldrel-macos-x86_64 2.2.1 NOTE
r-oldrel-windows-ix86+x86_64 2.2.1 5.00 43.00 48.00 NOTE

Check Details

Version: 2.2.1
Check: DESCRIPTION meta-information
Result: NOTE
    Checking should be performed on sources prepared by 'R CMD build'.
Flavors: r-devel-linux-x86_64-debian-clang, r-devel-linux-x86_64-debian-gcc, r-devel-linux-x86_64-fedora-clang, r-devel-linux-x86_64-fedora-gcc, r-devel-windows-x86_64-new-UL, r-patched-linux-x86_64, r-release-linux-x86_64, r-release-macos-arm64, r-release-macos-x86_64, r-release-windows-ix86+x86_64, r-oldrel-macos-x86_64, r-oldrel-windows-ix86+x86_64