CRAN Package Check Results for Package bellreg

Last updated on 2022-04-08 01:48:40 CEST.

Flavor Version Tinstall Tcheck Ttotal Status Flags
r-devel-linux-x86_64-debian-clang 0.0.1 232.44 125.17 357.61 NOTE
r-devel-linux-x86_64-debian-gcc 0.0.1 222.40 102.13 324.53 NOTE
r-devel-linux-x86_64-fedora-clang 0.0.1 496.71 NOTE
r-devel-linux-x86_64-fedora-gcc 0.0.1 509.32 NOTE
r-devel-windows-x86_64-new-UL 0.0.1 168.00 177.00 345.00 NOTE
r-patched-linux-x86_64 0.0.1 0.02 12.03 12.05 ERROR
r-release-linux-x86_64 0.0.1 182.87 122.82 305.69 NOTE
r-release-macos-arm64 0.0.1 NOTE
r-release-macos-x86_64 0.0.1 NOTE
r-release-windows-ix86+x86_64 0.0.1 552.00 221.00 773.00 NOTE
r-oldrel-macos-x86_64 0.0.1 NOTE
r-oldrel-windows-ix86+x86_64 0.0.1 194.00 9.00 203.00 ERROR

Check Details

Version: 0.0.1
Check: for GNU extensions in Makefiles
Result: NOTE
    GNU make is a SystemRequirements.
Flavors: r-devel-linux-x86_64-debian-clang, r-devel-linux-x86_64-debian-gcc, r-devel-linux-x86_64-fedora-clang, r-devel-linux-x86_64-fedora-gcc, r-devel-windows-x86_64-new-UL, r-release-linux-x86_64, r-release-macos-arm64, r-release-macos-x86_64, r-release-windows-ix86+x86_64, r-oldrel-macos-x86_64

Version: 0.0.1
Check: installed package size
Result: NOTE
     installed size is 31.2Mb
     sub-directories of 1Mb or more:
     libs 30.9Mb
Flavors: r-devel-linux-x86_64-fedora-clang, r-release-macos-arm64, r-release-macos-x86_64, r-release-windows-ix86+x86_64, r-oldrel-macos-x86_64

Version: 0.0.1
Check: dependencies in R code
Result: NOTE
    Namespace in Imports field not imported from: ‘rstantools’
     All declared Imports should be used.
Flavors: r-devel-linux-x86_64-fedora-clang, r-devel-linux-x86_64-fedora-gcc, r-release-macos-arm64, r-release-macos-x86_64, r-oldrel-macos-x86_64

Version: 0.0.1
Check: whether package can be installed
Result: ERROR
    Installation failed.
Flavors: r-patched-linux-x86_64, r-oldrel-windows-ix86+x86_64