Last updated on 2022-04-08 01:48:40 CEST.
Flavor | Version | Tinstall | Tcheck | Ttotal | Status | Flags |
---|---|---|---|---|---|---|
r-devel-linux-x86_64-debian-clang | 0.4.1 | 26.33 | 476.77 | 503.10 | OK | |
r-devel-linux-x86_64-debian-gcc | 0.4.1 | 23.17 | 349.64 | 372.81 | OK | |
r-devel-linux-x86_64-fedora-clang | 0.4.1 | 601.13 | NOTE | |||
r-devel-linux-x86_64-fedora-gcc | 0.4.1 | 583.31 | NOTE | |||
r-devel-windows-x86_64-new-UL | 0.4.1 | 103.00 | 482.00 | 585.00 | OK | |
r-patched-linux-x86_64 | 0.4.1 | 24.29 | 451.03 | 475.32 | OK | |
r-release-linux-x86_64 | 0.4.1 | 22.31 | 429.60 | 451.91 | OK | |
r-release-macos-arm64 | 0.4.1 | OK | ||||
r-release-macos-x86_64 | 0.4.1 | OK | ||||
r-release-windows-ix86+x86_64 | 0.4.1 | 63.00 | 498.00 | 561.00 | OK | |
r-oldrel-macos-x86_64 | 0.4.0 | OK | ||||
r-oldrel-windows-ix86+x86_64 | 0.4.0 | 67.00 | 513.00 | 580.00 | OK |
Version: 0.4.1
Check: package dependencies
Result: NOTE
Package suggested but not available for checking: ‘flowCore’
Flavors: r-devel-linux-x86_64-fedora-clang, r-devel-linux-x86_64-fedora-gcc