Last updated on 2022-04-08 01:48:40 CEST.
Flavor | Version | Tinstall | Tcheck | Ttotal | Status | Flags |
---|---|---|---|---|---|---|
r-devel-linux-x86_64-debian-clang | 1.3-4 | 12.95 | 62.86 | 75.81 | NOTE | |
r-devel-linux-x86_64-debian-gcc | 1.3-4 | 9.84 | 47.32 | 57.16 | NOTE | |
r-devel-linux-x86_64-fedora-clang | 1.3-4 | 92.13 | NOTE | |||
r-devel-linux-x86_64-fedora-gcc | 1.3-4 | 80.15 | NOTE | |||
r-devel-windows-x86_64-new-UL | 1.3-4 | 112.00 | 86.00 | 198.00 | NOTE | |
r-patched-linux-x86_64 | 1.3-4 | 10.36 | 60.23 | 70.59 | NOTE | |
r-release-linux-x86_64 | 1.3-4 | 11.93 | 57.40 | 69.33 | NOTE | |
r-release-macos-arm64 | 1.3-4 | NOTE | ||||
r-release-macos-x86_64 | 1.3-4 | NOTE | ||||
r-release-windows-ix86+x86_64 | 1.3-4 | 36.00 | 78.00 | 114.00 | NOTE | |
r-oldrel-macos-x86_64 | 1.3-4 | OK | ||||
r-oldrel-windows-ix86+x86_64 | 1.3-4 | 30.00 | 93.00 | 123.00 | OK |
Version: 1.3-4
Check: LazyData
Result: NOTE
'LazyData' is specified without a 'data' directory
Flavors: r-devel-linux-x86_64-debian-clang, r-devel-linux-x86_64-debian-gcc, r-devel-linux-x86_64-fedora-clang, r-devel-linux-x86_64-fedora-gcc, r-devel-windows-x86_64-new-UL, r-patched-linux-x86_64, r-release-linux-x86_64, r-release-macos-arm64, r-release-macos-x86_64, r-release-windows-ix86+x86_64