Last updated on 2022-04-08 01:48:40 CEST.
Flavor | Version | Tinstall | Tcheck | Ttotal | Status | Flags |
---|---|---|---|---|---|---|
r-devel-linux-x86_64-debian-clang | 0.11.5 | 12.26 | 346.15 | 358.41 | OK | |
r-devel-linux-x86_64-debian-gcc | 0.11.5 | 11.40 | 254.04 | 265.44 | OK | |
r-devel-linux-x86_64-fedora-clang | 0.11.5 | 438.36 | NOTE | |||
r-devel-linux-x86_64-fedora-gcc | 0.11.5 | 419.65 | OK | |||
r-devel-windows-x86_64-new-UL | 0.11.5 | 184.00 | 470.00 | 654.00 | NOTE | |
r-patched-linux-x86_64 | 0.11.5 | 15.82 | 335.25 | 351.07 | OK | |
r-release-linux-x86_64 | 0.11.5 | 10.45 | 382.50 | 392.95 | NOTE | |
r-release-macos-arm64 | 0.11.5 | NOTE | ||||
r-release-macos-x86_64 | 0.11.5 | NOTE | ||||
r-release-windows-ix86+x86_64 | 0.11.5 | 21.00 | 558.00 | 579.00 | NOTE | |
r-oldrel-macos-x86_64 | 0.11.5 | NOTE | ||||
r-oldrel-windows-ix86+x86_64 | 0.11.5 | 21.00 | 585.00 | 606.00 | NOTE |
Version: 0.11.5
Check: installed package size
Result: NOTE
installed size is 5.5Mb
sub-directories of 1Mb or more:
doc 3.8Mb
Flavors: r-devel-linux-x86_64-fedora-clang, r-devel-windows-x86_64-new-UL, r-release-macos-arm64, r-release-macos-x86_64, r-release-windows-ix86+x86_64, r-oldrel-macos-x86_64, r-oldrel-windows-ix86+x86_64
Version: 0.11.5
Check: package dependencies
Result: NOTE
Package suggested but not available for checking: ‘blavaan’
Flavor: r-release-linux-x86_64