CRAN Package Check Results for Package bayescopulareg

Last updated on 2022-04-08 01:48:40 CEST.

Flavor Version Tinstall Tcheck Ttotal Status Flags
r-devel-linux-x86_64-debian-clang 0.1.3 210.05 40.51 250.56 OK
r-devel-linux-x86_64-debian-gcc 0.1.3 166.88 31.05 197.93 OK
r-devel-linux-x86_64-fedora-clang 0.1.3 401.82 OK
r-devel-linux-x86_64-fedora-gcc 0.1.3 326.67 OK
r-devel-windows-x86_64-new-UL 0.1.3 170.00 82.00 252.00 OK
r-patched-linux-x86_64 0.1.3 182.32 38.81 221.13 OK
r-release-linux-x86_64 0.1.3 183.12 36.59 219.71 OK
r-release-macos-arm64 0.1.3 NOTE
r-release-macos-x86_64 0.1.3 NOTE
r-release-windows-ix86+x86_64 0.1.3 495.00 74.00 569.00 OK
r-oldrel-macos-x86_64 0.1.3 NOTE
r-oldrel-windows-ix86+x86_64 0.1.3 495.00 78.00 573.00 OK

Check Details

Version: 0.1.3
Check: installed package size
Result: NOTE
     installed size is 7.3Mb
     sub-directories of 1Mb or more:
     libs 7.2Mb
Flavors: r-release-macos-arm64, r-release-macos-x86_64, r-oldrel-macos-x86_64