Last updated on 2022-04-08 01:48:40 CEST.
Flavor | Version | Tinstall | Tcheck | Ttotal | Status | Flags |
---|---|---|---|---|---|---|
r-devel-linux-x86_64-debian-clang | 5.0-3 | 11.00 | 99.97 | 110.97 | OK | |
r-devel-linux-x86_64-debian-gcc | 5.0-3 | 9.57 | 72.94 | 82.51 | OK | |
r-devel-linux-x86_64-fedora-clang | 5.0-3 | 139.91 | NOTE | |||
r-devel-linux-x86_64-fedora-gcc | 5.0-3 | 126.90 | OK | |||
r-devel-windows-x86_64-new-UL | 5.0-3 | 568.00 | 148.00 | 716.00 | OK | |
r-patched-linux-x86_64 | 5.0-3 | 12.62 | 94.88 | 107.50 | OK | |
r-release-linux-x86_64 | 5.0-3 | 11.87 | 91.27 | 103.14 | OK | |
r-release-macos-arm64 | 5.0-3 | OK | ||||
r-release-macos-x86_64 | 5.0-3 | OK | ||||
r-release-windows-ix86+x86_64 | 5.0-3 | 27.00 | 149.00 | 176.00 | OK | |
r-oldrel-macos-x86_64 | 5.0-3 | OK | ||||
r-oldrel-windows-ix86+x86_64 | 5.0-3 | 28.00 | 149.00 | 177.00 | OK |
Version: 5.0-3
Check: Rd cross-references
Result: NOTE
Undeclared packages ‘rworldmap’, ‘snowFT’ in Rd xrefs
Flavor: r-devel-linux-x86_64-fedora-clang